mine z(202).
178
Let q(w) = w**3 + 5*w**2 - 68*w - 200. What is q(-3)?
22
Let d(g) = -656*g**2 + 5207*g + 2. Give d(8).
-326
Let t(n) = -48*n**2 - 267*n + 143. What is t(-6)?
17
Let a(q) = -4301*q - 98693. Calculate a(-23).
230
Let u(r) = -3*r**3 + 172*r**2 - 2127*r + 60. Determine u(18).
6
Let t(j) = 2*j**2 - 333*j - 3793. Calculate t(177).
-76
Let v(w) = -236*w - 20254. Determine v(-89).
750
Let n(t) = -667*t**3 + 10*t**2 - 38*t + 27. Calculate n(1).
-668
Let c(u) = 6054*u + 1598193. Give c(-264).
-63
Let v(n) = n**2 - 60*n + 387. What is v(7)?
16
Let v(d) = 2*d**3 + 13*d**2 - 282*d - 52. Give v(-15).
353
Let t(q) = -2*q**3 + 579*q**2 + 2057*q - 1704. Calculate t(293).
54
Let s(x) = -26*x**2 - 251*x + 54. Give s(-15).
-2031
Let a(w) = w**3 - 35*w**2 - 261*w + 558. Determine a(41).
-57
Let d(u) = -151*u + 20273. What is d(136)?
-263
Let g(k) = k**3 + 715*k**2 + 4966*k - 5. Give g(-7).
-75
Let i(u) = -u**3 - 303*u**2 - 14016*u + 340. What is i(-57)?
-2
Let p(b) = -490696*b - 1472106. Calculate p(-3).
-18
Let z(y) = 823177*y + 5762220. Give z(-7).
-19
Let z(q) = -5173*q + 134498. Give z(26).
0
Let p(c) = c**3 - 229*c**2 + 5251*c + 5470. Determine p(27).
-11
Let c(j) = 3395*j - 1582064. What is c(466)?
6
Let d(z) = -1309*z - 89019. Give d(-68).
-7
Let c(x) = -x**2 - 569*x - 60068. Calculate c(-140).
-8
Let s(n) = 150*n - 3078. What is s(24)?
522
Let h(y) = y**2 - 116*y - 5448. Calculate h(151).
-163
Let g(i) = 2391*i**2 - 33469*i - 73. What is g(14)?
-3
Let t(a) = -1182*a - 40006. What is t(-34)?
182
Let m(s) = -151*s + 12440. Calculate m(101).
-2811
Let a(r) = 6*r**2 - 271*r - 1042. Calculate a(49).
85
Let v(l) = 666*l - 5460. Give v(8).
-132
Let h(d) = 3516*d + 45808. Determine h(-13).
100
Let c(a) = 10447*a - 511922. What is c(49)?
-19
Let c(j) = -3*j**2 + 2375*j - 104311. Give c(745).
-11
Let z(h) = h**2 - 257*h - 30754. Determine z(-96).
3134
Let p(a) = a**3 - 49*a**2 - a - 62. What is p(49)?
-111
Let y(t) = 14*t**2 - 407*t + 339. What is y(28)?
-81
Let h(f) = -14318*f - 945065. Calculate h(-66).
-77
Let g(m) = 1698*m**2 - 602802*m + 4273. What is g(355)?
13
Let k(x) = -748*x + 5526. What is k(8)?
-458
Let x(p) = -2236*p - 919048. What is x(-411)?
-52
Let m(s) = 424*s**2 - 8067*s + 15. Give m(19).
-194
Let k(q) = -q**2 - 1432*q + 465477. Calculate k(273).
12
Let j(u) = -21*u**2 + 16924*u + 35558. Calculate j(808).
6
Let y(g) = -g**3 - 608*g**2 - 4941*g - 84603. Determine y(-600).
-3
Let l(n) = -96941*n + 72124101. Calculate l(744).
-3
Let y(n) = 332*n + 5079. Give y(-17).
-565
Let s(u) = u**3 + 50*u**2 + 208*u + 7832. Give s(-49).
41
Let i(r) = 2*r**3 - 413*r**2 + 265*r - 12165. Calculate i(206).
-11
Let v(d) = -2*d**2 - 126579*d - 506304. Determine v(-4).
-20
Let j(g) = -32834*g + 229858. Calculate j(7).
20
Let z(x) = x**3 - 43*x**2 - 76*x - 550. What is z(44)?
-1958
Let z(w) = -8*w**2 - 587*w - 761. Give z(-72).
31
Let j(t) = -244*t**3 + 2*t**2 + 137*t - 139. Give j(1).
-244
Let g(m) = m**3 + 51*m**2 + 507*m - 408. What is g(-37)?
-1
Let d(z) = -z**2 - 2272*z + 826545. Determine d(319).
16
Let z(d) = -113670*d + 5569856. Give z(49).
26
Let m(t) = -37704*t + 11. What is m(0)?
11
Let x(z) = z**2 - 38426*z + 345737. Calculate x(9).
-16
Let w(n) = -n**2 + 1733*n + 543079. What is w(-271)?
-5
Let p(j) = 58*j + 2210. What is p(-19)?
1108
Let a(r) = -1608*r + 150073. Calculate a(93).
529
Let s(t) = 3*t**3 - 11*t**2 - 25*t + 2. Give s(5).
-23
Let m(f) = 2*f**3 + 37*f**2 + 12*f + 145. Determine m(-8).
1393
Let c(n) = -64*n - 11425. What is c(-178)?
-33
Let h(v) = -3101*v - 3220. Determine h(-1).
-119
Let w(i) = -i**3 - 113*i**2 - 328*i - 2. Determine w(-3).
-8
Let m(a) = 3*a**2 - 157*a - 4058. What is m(71)?
-82
Let m(r) = r**3 - 245*r**2 + 654*r + 17423. Give m(242).
-1
Let j(u) = -568*u + 37479. Determine j(69).
-1713
Let b(j) = -4075*j - 60668. Give b(-15).
457
Let u(r) = -r**3 + 306*r**2 - 296*r - 2744. Give u(305).
1
Let w(y) = -20787*y + 41577. What is w(2)?
3
Let k(t) = 110685*t - 29552898. What is k(267)?
-3
Let h(x) = -8671*x - 277453. Calculate h(-32).
19
Let n(q) = -65591*q - 10363359. What is n(-158)?
19
Let i(b) = -13*b - 458. Calculate i(5).
-523
Let z(c) = -29*c**3 - 1802*c**2 - 256*c - 490. Calculate z(-62).
6
Let k(o) = -821288*o - 9034165. What is k(-11)?
3
Let f(z) = 281*z**3 - 19677*z**2 + 489*z + 76. Give f(70).
6
Let j(b) = 353*b - 37712. Determine j(107).
59
Let i(w) = 1191*w**2 + 168*w + 333. What is i(-2)?
4761
Let m(u) = u**3 - 6*u**2 - u - 8946. Determine m(23).
24
Let s(v) = -881*v - 63549. Give s(-72).
-117
Let u(q) = -q**2 + 152*q - 5705. Determine u(79).
62
Let p(a) = 1781*a**2 - 450589*a - 1032. Calculate p(253).
-20
Let y(i) = -i**3 - 15*i**2 - 90*i - 1796. What is y(-16)?
-100
Let c(p) = p**3 - 839*p**2 - 2528*p - 22. Determine c(-3).
-16
Let x(z) = -669*z + 170501. What is x(255)?
-94
Let c(x) = -7529*x - 233253. Give c(-31).
146
Let h(r) = 19*r**2 + 19*r - 1138. What is h(8)?
230
Let m(a) = 3*a**3 - 95*a**2 - 4*a + 2110. Determine m(31).
64
Let v(r) = -8*r**2 - 1619*r + 2402. Give v(-204).
-250
Let a(q) = -94188*q + 7817558. Determine a(83).
-46
Let r(o) = o**3 - 368*o**2 - 10213*o - 12218. Give r(394).
-4
Let o(i) = -4*i**3 - 317*i**2 - 89*i - 142. Give o(-79).
648
Let w(s) = -98*s**2 - 2410*s + 9374. Calculate w(-28).
22
Let q(u) = -6*u**2 - 599*u - 12573. Give q(-21).
-2640
Let s(i) = -49699*i - 695674. Determine s(-14).
112
Let y(m) = -1799*m**2 + 80*m - 83. Calculate y(1).
-1802
Let h(m) = -197*m - 24027. Calculate h(-141).
3750
Let r(u) = 2*u**3 + 52*u**2 + 248*u - 553. Calculate r(-9).
-31
Let p(t) = t**2 + 1300*t - 36029. Give p(27).
-200
Let n(y) = -13*y**2 - 174*y + 1081. Determine n(-18).
1
Let w(y) = -8*y**3 + 54*y**2 + 1840*y - 9573. Determine w(5).
-23
Let t(g) = -g**2 + 127*g + 27125. Calculate t(239).
357
Let h(t) = 2*t**2 - 117*t - 31472. Determine h(160).
1008
Let d(s) = -83*s + 507. What is d(11)?
-406
Let y(t) = -2778*t + 19780. Give y(7).
334
Let s(h) = 3*h**3 + 187*h**2 + 595*h + 287. Calculate s(-59).
-8
Let c(h) = -h**3 + 18*h**2 - 74*h - 16. Calculate c(11).
17
Let m(t) = -2*t**2 + 224*t - 1822. Give m(103).
32
Let x(v) = 13*v**3 + 181*v**2 + 404*v - 190. Determine x(-11).
-36
Let m(d) = d**2 - 261*d + 4292. What is m(243)?
-82
Let g(k) = -5*k**2 - 345*k + 1310. What is g(-74)?
-540
Let g(b) = 2*b**3 + 91*b**2 - 168*b - 594. Determine g(-47).
675
Let b(o) = 1194*o + 220469. Calculate b(-185).
-421
Let v(o) = 5*o**2 - 53082*o - 159292. Determine v(-3).
-1
Let t(g) = 8*g**3 + 272*g**2 + 160. What is t(-34)?
160
Let k(t) = 2096*t - 5578. Calculate k(5).
4902
Let c(i) = -148406*i + 148353. Calculate c(1).
-53
Let y(q) = -485*q**2 + 163*q - 181. What is y(2)?
-1795
Let y(p) = 162874*p - 325755. Determine y(2).
-7
Let h(n) = -n**2 - 3664*n + 177666. Give h(48).
-510
Let w(p) = -p**3 - 95*p**2 - 339*p - 14538. What is w(-93)?
-309
Let v(r) = r**3 - 231*r**2 + 2622*r + 1231. What is v(219)?
-83
Let d(k) = -31*k**2 - 325*k + 161. Calculate d(-11).
-15
Let o(d) = 82*d + 10711. Determine o(-131).
-31
Let f(d) = -1663*d - 3265. Calculate f(-2).
61
Let x(u) = -u**3 + 491*u**2 - 1319*u + 166905. What is x(489)?
156
Let c(l) = 2*l**3 + 4*l**2 + 48*l - 210. What is c(4)?
174
Let o(a) = a**2 - 15*a - 4993. Give o(77).
-219
Let i(d) = 30*d**3 - 6735*d**2 + 3357*d + 678. Determine i(224).
6
Let p(b) = b**3 + 27*b**2 - 1373*b - 38. Give p(26).
92
Let q(v) = -2*v**2 - 20*v + 11807. Give q(-87).
-1591
Let u(j) = j**2 + 1468*j + 23227. Determine u(-16).
-5
Let r(g) = -4153*g + 423616. What is r(102)?
10
Let a(h) = 817*h - 35107. Give a(43).
24
Let f(x) = -512*x + 72700. Determine f(142).
-4
Let g(o) = 21*o**2 + 292*o + 3697. Calculate g(-14).
3725
Let m(u) = -8*u**3 - 22*u**2 + 22*u + 87. What is m(-2)?
19
Let h(r) = -2*r**3 - 65*r**2 + 34*r - 107. What is h(-33)?
-140
Let a(u) = 365*u + 2191. What is a(-6)?
1
Let f(c) = -8*c**2 - 4527*c - 3961. What is f(-565)?
-6
Let q(n) = -n**3 + 48*n**2 + 758*n + 10. What is q(-12)?
-446
Let z(u) = 23*u + 28. Determine z(4).
120
Let v(f) = 272716*f - 3545315. Determine v(13).
-7
Let s(j) = -j**2 + 2278*j - 69652. Determine s(31).
5
Let g(o) = -o**3 + 214*o**2 - 116. Give g(0).
-116
Let j(z) = 172*z - 6248. Determine j(33).
-572
Let b(g) = -1453*g + 11047. What is b(4